te the highest common divisor of 2140 and 11388652.
428
What is the greatest common divisor of 8214 and 53948775?
111
Calculate the highest common divisor of 2485142 and 258.
86
What is the highest common factor of 109224 and 43419?
123
What is the highest common factor of 2778985 and 87120?
55
Calculate the highest common divisor of 38680 and 85320.
40
What is the greatest common factor of 88 and 312588364?
44
What is the greatest common divisor of 39897 and 11319867?
3627
Calculate the greatest common divisor of 1110 and 26009853.
111
Calculate the greatest common factor of 900 and 933156.
36
Calculate the highest common divisor of 18003 and 204.
51
Calculate the greatest common divisor of 3640 and 895006840.
3640
Calculate the highest common factor of 932680 and 9464.
56
Calculate the highest common factor of 2679 and 22152651.
2679
What is the highest common divisor of 254349 and 7569?
9
Calculate the highest common divisor of 1146 and 14619713.
191
What is the greatest common divisor of 88 and 17408224?
8
Calculate the greatest common divisor of 142324 and 15844.
68
Calculate the greatest common factor of 446131 and 29414539.
2737
Calculate the greatest common factor of 662 and 1507738762.
662
Calculate the greatest common divisor of 400 and 107905520.
80
What is the highest common divisor of 20 and 155685710?
10
Calculate the greatest common factor of 382560 and 5808.
48
Calculate the highest common divisor of 10963625 and 1262.
631
What is the greatest common factor of 88025 and 211400?
175
Calculate the highest common divisor of 512821152 and 261.
261
Calculate the greatest common divisor of 7497 and 32232102.
2499
Calculate the greatest common divisor of 3289184 and 1148.
164
What is the highest common factor of 14808090 and 1830?
30
What is the highest common divisor of 149372855 and 20699?
2957
Calculate the greatest common divisor of 1899012 and 2052.
228
Calculate the greatest common divisor of 244 and 2428.
4
Calculate the highest common divisor of 198 and 10271976.
66
What is the greatest common divisor of 676 and 6981364?
52
What is the highest common factor of 1250632 and 936?
8
Calculate the greatest common divisor of 918 and 281718.
54
What is the greatest common divisor of 8770692 and 280779?
1623
Calculate the greatest common factor of 4384033700 and 50.
50
Calculate the highest common divisor of 721760 and 769600.
2080
What is the greatest common divisor of 1255 and 26799521?
251
What is the highest common divisor of 6 and 373281678?
6
Calculate the highest common divisor of 17226 and 663597.
99
Calculate the greatest common factor of 1013819015 and 55.
55
What is the highest common factor of 57352530 and 130?
10
Calculate the greatest common factor of 15432 and 732784662.
3858
Calculate the highest common factor of 5752 and 164728652.
2876
What is the greatest common divisor of 69 and 37839554?
23
Calculate the highest common divisor of 26767322 and 62.
62
What is the highest common divisor of 10818 and 1343375634?
3606
Calculate the highest common divisor of 12680 and 22112.
8
What is the highest common factor of 1263612 and 2268?
84
Calculate the greatest common factor of 190701506 and 58.
58
What is the greatest common divisor of 2081398 and 30118?
814
What is the highest common divisor of 2965932 and 2592?
36
What is the greatest common divisor of 762 and 102561009?
381
What is the highest common divisor of 153935 and 206618?
17
What is the greatest common factor of 10971568 and 40?
8
What is the highest common factor of 716408 and 693?
77
Calculate the highest common factor of 441168 and 119028.
1092
What is the highest common factor of 23528 and 2260072?
1384
What is the greatest common divisor of 296092 and 70626?
158
What is the highest common factor of 279 and 2647503?
9
What is the highest common divisor of 2496 and 3937224?
24
What is the highest common factor of 25205676 and 56?
4
What is the greatest common divisor of 1330596 and 40572?
828
Calculate the greatest common divisor of 88755 and 25254.
183
Calculate the greatest common divisor of 4012884 and 108.
36
What is the highest common divisor of 480 and 11878752?
96
Calculate the highest common factor of 155641 and 1072.
67
Calculate the highest common divisor of 96425 and 35413.
7
What is the greatest common divisor of 70 and 617554?
14
What is the highest common divisor of 219 and 217029?
219
What is the greatest common divisor of 12960 and 1014048?
288
What is the greatest common divisor of 110270251 and 91?
91
What is the highest common factor of 31418239 and 83?
83
What is the highest common factor of 656355 and 51015?
285
Calculate the highest common factor of 34435 and 74285.
5
What is the highest common factor of 343928504 and 40?
8
What is the greatest common divisor of 938211806 and 28?
14
Calculate the highest common factor of 31422555 and 30.
15
Calculate the highest common factor of 42662 and 367690.
166
Calculate the highest common divisor of 27353598 and 4509.
501
What is the greatest common factor of 104 and 171319109?
13
What is the highest common divisor of 595449162 and 18?
18
Calculate the greatest common divisor of 144810 and 77130.
90
Calculate the greatest common divisor of 122490849 and 468.
39
What is the greatest common divisor of 2 and 962102?
2
Calculate the greatest common divisor of 7570340 and 5120.
20
What is the greatest common factor of 21 and 7060732?
7
What is the highest common divisor of 6 and 568386480?
6
Calculate the greatest common factor of 10824 and 1022340.
132
Calculate the greatest common divisor of 103059957 and 858.
429
What is the highest common factor of 1544 and 96645908?
772
What is the highest common divisor of 912 and 220391184?
912
What is the highest common divisor of 1643992 and 11842?
62
Calculate the greatest common divisor of 600007 and 4561499.
7229
What is the highest common divisor of 8494 and 7553632?
274
What is the highest common divisor of 763988667 and 321?
321
Calculate the greatest common factor of 4313307689 and 179.
179
Calculate the greatest common divisor of 33885 and 15041175.
3765
What is the greatest common factor of 1503 and 88664976?
1503
Calculate the highest common factor of 1043600 and 22096.
16
What is the highest common divisor of 212320 and 215?
5
Calculate the highest common factor of 21972939 and 3.
3
Calculate the greatest common factor of 3460984 and 24.
8
Calculate the greatest common divisor of 32100654 and 135216.
1878
What is the highest common divisor of 160 and 643400?
40
Calculate the highest common factor of 10526 and 1058417.
277
What is the greatest common divisor of 75008043 and 297?
99
What is the greatest common factor of 11232 and 607152?
624
Calculate the greatest common divisor of 5 and 126750115.
5
What is the greatest common factor of 1984605 and 3276105?
4305
What is the greatest common divisor of 15320960 and 328?
8
What is the greatest common factor of 50 and 2978188?
2
Calculate the highest common divisor of 2908 and 8096.
4
What is the greatest common factor of 2424731 and 50467?
463
What is the highest common factor of 2670 and 77074890?
2670
Calculate the greatest common factor of 109359 and 759249.
261
Calculate the greatest common factor of 79592045 and 3770.
65
Calculate the highest common factor of 52 and 190650954.
26
Calculate the greatest common divisor of 28829504 and 128.
64
Calculate the greatest common divisor of 9674967 and 454.
227
Calculate the greatest common divisor of 269 and 75935.
1
What is the greatest common divisor of 882 and 1946917?
49
Calculate the greatest common divisor of 446512 and 9976.
344
What is the highest common divisor of 12812 and 11?
1
What is the greatest common factor of 6957924 and 3108?
444
Calculate the highest common factor of 31313 and 925723.
173
What is the highest common factor of 6696 and 26919?
27
What is the highest common divisor of 43511 and 7045435?
3347
What is the greatest common divisor of 374169 and 2155053?
573
Calculate the greatest common factor of 434244736 and 51.
17
Calculate the highest common factor of 955 and 2366872.
191
What is the greatest common factor of 22941050 and 5500?
550
Calculate the highest common factor of 19280 and 1812802.
482
Calculate the highest common 